NOAA-Style Climate Reports

2021: Jan | Feb | Mar | Apr | May | Jun | Jul | Aug | Sep | Oct | Nov | Dec 
2020: Jan | Feb | Mar | Apr | May | Jun | Jul | Aug | Sep | Oct | Nov | Dec 
2019: Jan | Feb | Mar | Apr | May | Jun | Jul | Aug | Sep | Oct | Nov | Dec 
2018: Jan | Feb | Mar | Apr | May | Jun | Jul | Aug | Sep | Oct | Nov | Dec 
2017: Jan | Feb | Mar | Apr | May | Jun | Jul | Aug | Sep | Oct | Nov | Dec 
2016: Jan | Feb | Mar | Apr | May | Jun | Jul | Aug | Sep | Oct | Nov | Dec 
2015: Jan | Feb | Mar | Apr | May | Jun | Jul | Aug | Sep | Oct | Nov | Dec 
2014: Jan | Feb | Mar | Apr | May | Jun | Jul | Aug | Sep | Oct | Nov | Dec 
2013: Jan | Feb | Mar | Apr | May | Jun | Jul | Aug | Sep | Oct | Nov | Dec 
2012: Jan | Feb | Mar | Apr | May | Jun | Jul | Aug | Sep | Oct | Nov | Dec 
2011: Jan | Feb | Mar | Apr | May | Jun | Jul | Aug | Sep | Oct | Nov | Dec 
2010: Jan | Feb | Mar | Apr | May | Jun | Jul | Aug | Sep | Oct | Nov | Dec 
2009: Jan | Feb | Mar | Apr | May | Jun | Jul | Aug | Sep | Oct | Nov | Dec 
2008: Jan | Feb | Mar | Apr | May | Jun | Jul | Aug | Sep | Oct | Nov | Dec 
2007: Jan | Feb | Mar | Apr | May | Jun | Jul | Aug | Sep | Oct | Nov | Dec 
2006: Jan | Feb | Mar | Apr | May | Jun | Jul | Aug | Sep | Oct | Nov | Dec 
2005: Jan | Feb | Mar | Apr | May | Jun | Jul | Aug | Sep | Oct | Nov | Dec 
2004: Jan | Feb | Mar | Apr | May | Jun | Jul | Aug | Sep | Oct | Nov | Dec 
2003: Jan | Feb | Mar | Apr | May | Jun | Jul | Aug | Sep | Oct | Nov | Dec 

Report for 2021 04
MONTHLY CLIMATOLOGICAL SUMMARY for APR. 2021 NAME: Vantage Pro Plus CITY: Sand Point STATE: MI ELEV: 598 ft LAT: 43 54' 37" N LONG: 83 23' 03" W TEMPERATURE (F), RAIN (in), WIND SPEED (mph) HEAT COOL AVG MEAN DEG DEG WIND DOM DAY TEMP HIGH TIME LOW TIME DAYS DAYS RAIN SPEED HIGH TIME DIR ------------------------------------------------------------------------------------ 1 28.6 33.3 4:10p 23.6 7:00a 36.4 0.0 0.01 6.2 26.0 9:10a NNW 2 34.7 42.9 7:40p 26.9 7:30a 30.3 0.0 0.00 3.8 19.0 2:20a NNW 3 43.3 53.3 5:50p 35.3 12:50a 21.7 0.0 0.00 4.3 17.0 1:20p NNE 4 44.7 51.2 8:50p 38.7 4:50a 20.3 0.0 0.00 2.2 10.0 2:10p NW 5 48.4 55.0 3:10p 43.4 3:30a 16.6 0.0 0.03 4.6 13.0 3:00p SE 6 53.5 70.1 5:40p 44.5 11:50p 11.5 0.1 0.00 2.6 14.0 6:50p SSW 7 52.7 75.5 5:40p 42.3 3:10a 13.1 0.8 0.00 3.1 11.0 3:40a N 8 61.4 74.1 5:00p 53.9 7:40a 4.8 1.2 0.09 5.5 24.0 6:50p SE 9 59.2 66.6 4:10p 55.1 8:00a 5.8 0.0 0.11 2.4 25.0 6:30p N 10 54.8 61.9 11:20a 48.2 12:00m 10.2 0.0 0.04 2.6 13.0 2:50p NE 11 53.5 60.6 1:30p 45.1 3:30a 11.5 0.0 0.36 3.1 17.0 9:20a SSW 12 52.6 56.0 9:10p 47.6 10:20a 12.4 0.0 0.29 1.2 7.0 2:20a SW 13 52.9 59.1 3:50p 47.4 12:00m 12.1 0.0 0.00 5.8 20.0 10:10p WSW 14 44.9 50.1 11:50a 41.2 12:00m 20.1 0.0 0.00 5.0 23.0 1:30p W 15 40.6 45.1 4:40p 36.9 4:30a 24.4 0.0 0.13 4.6 20.0 8:20p NW 16 41.8 46.4 3:00p 38.8 8:20a 23.2 0.0 0.00 3.9 21.0 6:00a NW 17 46.9 55.8 4:40p 40.2 7:20a 18.1 0.0 0.00 1.8 9.0 10:00a NNW 18 47.4 56.5 5:40p 39.8 8:50a 17.6 0.0 0.00 2.8 11.0 5:30a NNW 19 47.7 53.7 10:40a 37.6 12:00m 17.3 0.0 0.03 6.0 26.0 10:30p W 20 36.5 41.6 3:50p 32.7 6:40a 28.5 0.0 0.00 5.8 23.0 1:30a WNW 21 33.1 40.6 6:10p 27.2 6:50a 31.9 0.0 0.00 4.7 21.0 8:30a NW 22 40.0 47.8 7:30p 33.0 12:10a 25.0 0.0 0.00 5.2 18.0 12:20a NW 23 48.9 57.0 3:20p 40.4 6:50a 16.1 0.0 0.00 5.3 19.0 3:30a SW 24 51.2 59.4 1:00p 45.8 6:50a 13.8 0.0 0.02 2.5 15.0 6:20p SW 25 41.8 50.2 12:10a 36.2 11:50p 23.2 0.0 0.00 5.9 25.0 4:40a NW 26 38.3 43.3 7:10p 33.3 6:30a 26.7 0.0 0.06 3.6 13.0 1:10p ESE 27 49.2 62.8 2:40p 43.0 12:10a 15.8 0.0 0.06 2.8 14.0 1:10a SE 28 45.7 51.2 1:10p 42.3 4:20a 19.3 0.0 0.13 3.3 17.0 7:10a NNE 29 46.5 52.2 8:30p 43.3 8:50a 18.5 0.0 0.03 2.5 16.0 11:50p N 30 47.5 53.1 4:20p 41.7 8:00a 17.5 0.0 0.00 8.3 27.0 10:30a NW ------------------------------------------------------------------------------------- 46.3 75.5 7 23.6 1 563.7 2.1 1.39 4.0 27.0 30 NW Max >= 90.0: 0 Max <= 32.0: 0 Min <= 32.0: 3 Min <= 0.0: 0 Max Rain: 0.36 ON 04/11/21 Days of Rain: 13 (>.01 in) 5 (>.1 in) 0 (>1 in) Heat Base: 65.0 Cool Base: 65.0 Method: Integration