NOAA-Style Climate Reports

2021: Jan | Feb | Mar | Apr | May | Jun | Jul | Aug | Sep | Oct | Nov | Dec 
2020: Jan | Feb | Mar | Apr | May | Jun | Jul | Aug | Sep | Oct | Nov | Dec 
2019: Jan | Feb | Mar | Apr | May | Jun | Jul | Aug | Sep | Oct | Nov | Dec 
2018: Jan | Feb | Mar | Apr | May | Jun | Jul | Aug | Sep | Oct | Nov | Dec 
2017: Jan | Feb | Mar | Apr | May | Jun | Jul | Aug | Sep | Oct | Nov | Dec 
2016: Jan | Feb | Mar | Apr | May | Jun | Jul | Aug | Sep | Oct | Nov | Dec 
2015: Jan | Feb | Mar | Apr | May | Jun | Jul | Aug | Sep | Oct | Nov | Dec 
2014: Jan | Feb | Mar | Apr | May | Jun | Jul | Aug | Sep | Oct | Nov | Dec 
2013: Jan | Feb | Mar | Apr | May | Jun | Jul | Aug | Sep | Oct | Nov | Dec 
2012: Jan | Feb | Mar | Apr | May | Jun | Jul | Aug | Sep | Oct | Nov | Dec 
2011: Jan | Feb | Mar | Apr | May | Jun | Jul | Aug | Sep | Oct | Nov | Dec 
2010: Jan | Feb | Mar | Apr | May | Jun | Jul | Aug | Sep | Oct | Nov | Dec 
2009: Jan | Feb | Mar | Apr | May | Jun | Jul | Aug | Sep | Oct | Nov | Dec 
2008: Jan | Feb | Mar | Apr | May | Jun | Jul | Aug | Sep | Oct | Nov | Dec 
2007: Jan | Feb | Mar | Apr | May | Jun | Jul | Aug | Sep | Oct | Nov | Dec 
2006: Jan | Feb | Mar | Apr | May | Jun | Jul | Aug | Sep | Oct | Nov | Dec 
2005: Jan | Feb | Mar | Apr | May | Jun | Jul | Aug | Sep | Oct | Nov | Dec 
2004: Jan | Feb | Mar | Apr | May | Jun | Jul | Aug | Sep | Oct | Nov | Dec 
2003: Jan | Feb | Mar | Apr | May | Jun | Jul | Aug | Sep | Oct | Nov | Dec 

Report for 2021 05
MONTHLY CLIMATOLOGICAL SUMMARY for MAY. 2021 NAME: Vantage Pro Plus CITY: Sand Point STATE: MI ELEV: 598 ft LAT: 43 54' 37" N LONG: 83 23' 03" W TEMPERATURE (F), RAIN (in), WIND SPEED (mph) HEAT COOL AVG MEAN DEG DEG WIND DOM DAY TEMP HIGH TIME LOW TIME DAYS DAYS RAIN SPEED HIGH TIME DIR ------------------------------------------------------------------------------------ 1 49.5 59.7 9:40p 37.9 5:40a 15.5 0.0 0.00 4.9 23.0 4:40p SSW 2 57.5 73.1 4:40p 47.6 5:40a 8.2 0.7 0.00 3.3 17.0 11:20a ENE 3 50.5 56.0 12:10a 46.2 9:40p 14.5 0.0 0.09 1.8 16.0 1:30a N 4 50.4 57.2 7:00a 46.7 9:20a 14.6 0.0 0.24 1.8 18.0 10:40p N 5 47.0 53.0 2:50p 41.9 4:40a 18.0 0.0 0.00 3.5 20.0 2:50a NW 6 46.0 50.6 2:40p 42.3 7:00a 19.0 0.0 0.04 1.8 11.0 12:20a NW 7 44.5 53.3 1:10p 39.5 12:00m 20.5 0.0 0.21 3.3 21.0 10:30p NNW 8 45.2 52.9 5:20p 38.1 5:50a 19.8 0.0 0.01 3.5 19.0 12:10a NNW 9 46.1 51.2 12:20p 41.6 7:10a 18.9 0.0 0.00 2.3 13.0 3:30p ENE 10 45.5 52.5 5:10p 39.2 7:10a 19.5 0.0 0.00 3.1 17.0 5:30a NW 11 44.8 51.5 5:10p 37.8 7:10a 20.2 0.0 0.05 4.0 20.0 3:10a NW 12 51.3 60.8 3:20p 44.4 5:50a 13.7 0.0 0.00 2.4 15.0 3:50a NW 13 54.8 63.4 6:30p 44.8 5:10a 10.2 0.0 0.00 1.1 7.0 9:30p S 14 58.7 68.8 4:50p 48.7 7:00a 6.8 0.5 0.00 1.9 8.0 4:40a SW 15 59.9 66.5 7:10p 53.0 7:00a 5.1 0.1 0.00 1.2 17.0 10:40p NE 16 59.5 64.0 4:00p 56.9 5:00a 5.5 0.0 0.00 1.3 10.0 12:10a W 17 64.0 74.2 6:40p 56.7 5:30a 2.9 1.9 0.00 1.1 8.0 12:20p NNW 18 66.5 75.8 1:20p 60.7 5:20a 0.8 2.3 0.00 1.8 10.0 2:50a SSW 19 69.8 78.4 3:20p 62.5 5:30a 0.4 5.2 0.00 1.3 13.0 7:30p NNW 20 72.7 80.7 2:20p 67.0 7:00a 0.0 7.7 0.00 0.9 6.0 2:10p ESE 21 74.0 82.2 2:40p 67.7 6:40a 0.0 9.0 0.00 1.4 11.0 7:20p SW 22 72.0 78.3 5:00p 67.1 7:30a 0.0 7.0 0.05 2.3 15.0 8:20p W 23 60.5 73.7 12:10a 51.9 5:20p 6.6 2.1 0.02 3.5 18.0 10:30a ENE 24 61.8 71.4 7:30p 53.2 12:10a 5.0 1.8 0.00 0.9 10.0 1:10a ENE 25 72.9 76.8 2:20p 69.4 6:20a 0.0 7.9 0.00 2.9 15.0 2:10p SW 26 66.5 75.8 12:10a 53.7 12:00m 1.4 2.9 0.31 3.4 21.0 4:40a SW 27 47.5 53.8 12:10a 43.6 8:40p 17.5 0.0 0.03 2.9 20.0 1:30a ENE 28 45.1 48.1 12:00m 41.1 6:50a 19.9 0.0 0.49 1.7 18.0 4:30a ENE 29 52.1 56.7 2:20p 47.7 1:10a 12.9 0.0 0.00 0.1 4.0 10:00p NNW 30 56.2 63.7 6:40p 46.5 6:40a 8.8 0.0 0.00 0.9 8.0 11:50a ESE 31 61.5 68.6 5:10p 55.2 2:30a 4.2 0.7 0.00 1.4 10.0 10:30p SW ------------------------------------------------------------------------------------- 56.6 82.2 21 37.8 11 310.4 49.8 1.54 2.2 23.0 1 NW Max >= 90.0: 0 Max <= 32.0: 0 Min <= 32.0: 0 Min <= 0.0: 0 Max Rain: 0.49 ON 05/28/21 Days of Rain: 10 (>.01 in) 4 (>.1 in) 0 (>1 in) Heat Base: 65.0 Cool Base: 65.0 Method: Integration