NOAA-Style Climate Reports

2021: Jan | Feb | Mar | Apr | May | Jun | Jul | Aug | Sep | Oct | Nov | Dec 
2020: Jan | Feb | Mar | Apr | May | Jun | Jul | Aug | Sep | Oct | Nov | Dec 
2019: Jan | Feb | Mar | Apr | May | Jun | Jul | Aug | Sep | Oct | Nov | Dec 
2018: Jan | Feb | Mar | Apr | May | Jun | Jul | Aug | Sep | Oct | Nov | Dec 
2017: Jan | Feb | Mar | Apr | May | Jun | Jul | Aug | Sep | Oct | Nov | Dec 
2016: Jan | Feb | Mar | Apr | May | Jun | Jul | Aug | Sep | Oct | Nov | Dec 
2015: Jan | Feb | Mar | Apr | May | Jun | Jul | Aug | Sep | Oct | Nov | Dec 
2014: Jan | Feb | Mar | Apr | May | Jun | Jul | Aug | Sep | Oct | Nov | Dec 
2013: Jan | Feb | Mar | Apr | May | Jun | Jul | Aug | Sep | Oct | Nov | Dec 
2012: Jan | Feb | Mar | Apr | May | Jun | Jul | Aug | Sep | Oct | Nov | Dec 
2011: Jan | Feb | Mar | Apr | May | Jun | Jul | Aug | Sep | Oct | Nov | Dec 
2010: Jan | Feb | Mar | Apr | May | Jun | Jul | Aug | Sep | Oct | Nov | Dec 
2009: Jan | Feb | Mar | Apr | May | Jun | Jul | Aug | Sep | Oct | Nov | Dec 
2008: Jan | Feb | Mar | Apr | May | Jun | Jul | Aug | Sep | Oct | Nov | Dec 
2007: Jan | Feb | Mar | Apr | May | Jun | Jul | Aug | Sep | Oct | Nov | Dec 
2006: Jan | Feb | Mar | Apr | May | Jun | Jul | Aug | Sep | Oct | Nov | Dec 
2005: Jan | Feb | Mar | Apr | May | Jun | Jul | Aug | Sep | Oct | Nov | Dec 
2004: Jan | Feb | Mar | Apr | May | Jun | Jul | Aug | Sep | Oct | Nov | Dec 
2003: Jan | Feb | Mar | Apr | May | Jun | Jul | Aug | Sep | Oct | Nov | Dec 

Report for 2021 06
MONTHLY CLIMATOLOGICAL SUMMARY for JUN. 2021 NAME: Vantage Pro Plus CITY: Sand Point STATE: MI ELEV: 598 ft LAT: 43 54' 37" N LONG: 83 23' 03" W TEMPERATURE (F), RAIN (in), WIND SPEED (mph) HEAT COOL AVG MEAN DEG DEG WIND DOM DAY TEMP HIGH TIME LOW TIME DAYS DAYS RAIN SPEED HIGH TIME DIR ------------------------------------------------------------------------------------ 1 64.2 71.9 4:50p 58.0 4:50a 2.5 1.7 0.00 1.1 11.0 9:50a SW 2 65.7 73.5 1:50p 59.5 6:00a 1.3 2.1 0.00 0.8 8.0 1:00p SSE 3 67.3 76.6 5:00p 59.8 8:00a 1.5 3.9 0.00 0.8 13.0 11:50p WSW 4 72.4 80.9 5:00p 66.6 6:10a 0.0 7.4 0.00 1.7 14.0 12:10a SSW 5 75.1 80.6 5:00p 70.7 7:10a 0.0 10.1 0.00 3.9 13.0 6:50a SW 6 77.4 83.2 3:50p 72.3 8:10a 0.0 12.4 0.00 2.3 18.0 8:20p SSW 7 76.6 80.3 12:30p 74.7 7:50a 0.0 11.6 0.00 1.6 20.0 6:40a SW 8 76.3 81.8 2:40p 72.9 6:00a 0.0 11.3 0.00 1.6 10.0 7:10p NE 9 70.7 75.4 12:10a 66.2 5:50p 0.0 5.7 0.00 2.3 15.0 1:00p NE 10 73.6 84.3 4:40p 65.9 6:10a 0.0 8.6 0.00 2.0 15.0 3:40p NE 11 69.8 78.0 2:10p 60.7 11:50p 0.7 5.5 0.00 2.6 20.0 4:30p NE 12 65.4 71.3 4:30p 60.1 5:20a 1.6 2.1 0.03 2.4 12.0 12:10a NE 13 70.8 80.5 5:30p 64.1 2:00a 0.1 5.9 0.00 2.0 11.0 8:10a NE 14 67.1 71.2 1:00p 60.8 5:00a 0.7 2.8 0.11 2.8 23.0 3:30a NW 15 64.7 67.3 12:30a 62.0 6:30a 0.7 0.5 0.00 4.0 20.0 7:40a NE 16 64.1 69.2 4:30p 59.7 7:20a 1.8 0.9 0.00 2.6 18.0 2:10a NE 17 68.3 79.3 5:20p 59.2 7:00a 1.8 5.1 0.00 1.6 8.0 11:40a NE 18 73.8 78.5 6:30p 68.4 9:00a 0.0 8.8 0.00 3.0 16.0 6:00a SW 19 70.0 74.3 2:40p 63.7 12:00m 0.0 5.0 0.00 2.1 22.0 1:30p NE 20 69.3 78.9 4:50p 59.7 5:40a 1.3 5.6 0.00 1.5 10.0 1:00p NE 21 65.6 72.4 12:00p 52.4 12:00m 2.4 3.1 0.04 5.9 26.0 12:40p NW 22 56.7 62.4 1:30p 51.6 5:50a 8.3 0.0 0.03 2.9 23.0 2:20p NW 23 65.2 72.2 3:10p 55.1 6:10a 2.5 2.7 0.00 2.6 12.0 3:40p NNE 24 69.3 73.3 12:00p 66.4 7:00a 0.0 4.3 0.06 3.4 15.0 6:40p NNE 25 69.7 71.0 6:00p 68.0 4:00a 0.0 4.7 0.25 1.5 10.0 12:00m NNE 26 71.0 75.0 7:50p 68.2 6:50a 0.0 6.0 1.54 2.2 15.0 5:00p NNE 27 75.0 79.2 3:40p 71.8 7:10a 0.0 10.0 0.00 3.3 15.0 7:10p SSW 28 71.3 75.5 8:10p 66.1 5:50a 0.0 6.3 0.00 2.2 14.0 1:50a W 29 75.8 83.1 4:10p 72.0 1:00a 0.0 10.8 0.09 1.8 10.0 4:10p SSW 30 74.4 79.3 6:20p 69.6 7:00a 0.0 9.4 0.00 2.3 13.0 5:10a SSW ------------------------------------------------------------------------------------- 69.9 84.3 10 51.6 22 27.2 174.3 2.15 2.4 26.0 21 NE Max >= 90.0: 0 Max <= 32.0: 0 Min <= 32.0: 0 Min <= 0.0: 0 Max Rain: 1.54 ON 06/26/21 Days of Rain: 8 (>.01 in) 3 (>.1 in) 1 (>1 in) Heat Base: 65.0 Cool Base: 65.0 Method: Integration