NOAA-Style Climate Reports

2021: Jan | Feb | Mar | Apr | May | Jun | Jul | Aug | Sep | Oct | Nov | Dec 
2020: Jan | Feb | Mar | Apr | May | Jun | Jul | Aug | Sep | Oct | Nov | Dec 
2019: Jan | Feb | Mar | Apr | May | Jun | Jul | Aug | Sep | Oct | Nov | Dec 
2018: Jan | Feb | Mar | Apr | May | Jun | Jul | Aug | Sep | Oct | Nov | Dec 
2017: Jan | Feb | Mar | Apr | May | Jun | Jul | Aug | Sep | Oct | Nov | Dec 
2016: Jan | Feb | Mar | Apr | May | Jun | Jul | Aug | Sep | Oct | Nov | Dec 
2015: Jan | Feb | Mar | Apr | May | Jun | Jul | Aug | Sep | Oct | Nov | Dec 
2014: Jan | Feb | Mar | Apr | May | Jun | Jul | Aug | Sep | Oct | Nov | Dec 
2013: Jan | Feb | Mar | Apr | May | Jun | Jul | Aug | Sep | Oct | Nov | Dec 
2012: Jan | Feb | Mar | Apr | May | Jun | Jul | Aug | Sep | Oct | Nov | Dec 
2011: Jan | Feb | Mar | Apr | May | Jun | Jul | Aug | Sep | Oct | Nov | Dec 
2010: Jan | Feb | Mar | Apr | May | Jun | Jul | Aug | Sep | Oct | Nov | Dec 
2009: Jan | Feb | Mar | Apr | May | Jun | Jul | Aug | Sep | Oct | Nov | Dec 
2008: Jan | Feb | Mar | Apr | May | Jun | Jul | Aug | Sep | Oct | Nov | Dec 
2007: Jan | Feb | Mar | Apr | May | Jun | Jul | Aug | Sep | Oct | Nov | Dec 
2006: Jan | Feb | Mar | Apr | May | Jun | Jul | Aug | Sep | Oct | Nov | Dec 
2005: Jan | Feb | Mar | Apr | May | Jun | Jul | Aug | Sep | Oct | Nov | Dec 
2004: Jan | Feb | Mar | Apr | May | Jun | Jul | Aug | Sep | Oct | Nov | Dec 
2003: Jan | Feb | Mar | Apr | May | Jun | Jul | Aug | Sep | Oct | Nov | Dec 

Report for 2021 08
MONTHLY CLIMATOLOGICAL SUMMARY for AUG. 2021 NAME: Vantage Pro Plus CITY: Sand Point STATE: MI ELEV: 598 ft LAT: 43 54' 37" N LONG: 83 23' 03" W TEMPERATURE (F), RAIN (in), WIND SPEED (mph) HEAT COOL AVG MEAN DEG DEG WIND DOM DAY TEMP HIGH TIME LOW TIME DAYS DAYS RAIN SPEED HIGH TIME DIR ------------------------------------------------------------------------------------ 1 66.2 69.8 12:40p 63.9 1:30p 0.1 1.3 0.08 3.5 20.0 5:00p NE 2 68.2 74.0 5:10p 62.4 6:30a 0.4 3.6 0.00 2.6 15.0 2:50a SSW 3 70.1 77.4 5:00p 63.8 7:10a 0.1 5.2 0.00 1.8 16.0 7:10p NW 4 72.8 79.4 5:00p 68.1 7:40a 0.0 7.8 0.00 1.4 8.0 3:00a SSW 5 74.6 81.4 5:20p 68.9 7:50a 0.0 9.6 0.00 1.4 9.0 3:40p SSW 6 74.2 78.6 5:30p 69.9 5:00a 0.0 9.2 0.00 1.8 14.0 5:00p NE 7 73.6 78.9 6:40p 70.5 4:10a 0.0 8.6 0.00 1.9 10.0 2:20a SSW 8 74.8 81.2 6:30p 70.3 3:30a 0.0 9.8 0.37 1.4 10.0 9:40a NE 9 78.3 84.6 2:50p 73.3 6:50a 0.0 13.3 0.00 2.0 14.0 5:50p NE 10 76.8 81.0 5:00p 73.0 4:20a 0.0 11.8 0.00 2.6 15.0 2:00p SW 11 76.3 83.1 2:30p 69.8 3:20a 0.0 11.3 1.51 3.2 19.0 1:20a NNE 12 77.3 81.9 4:20p 72.7 4:30a 0.0 12.3 0.00 3.2 18.0 3:40a SSW 13 74.5 78.5 12:10a 69.5 12:00m 0.0 9.5 0.00 2.1 16.0 12:40a NE 14 68.9 73.2 4:40p 64.8 6:50a 0.0 3.9 0.00 2.1 22.0 2:10a NE 15 69.6 77.0 4:40p 63.7 5:30a 0.2 4.8 0.00 1.4 8.0 2:30p SE 16 70.2 75.4 3:50p 64.7 7:50a 0.0 5.2 0.00 1.3 11.0 1:20p NE 17 72.4 79.6 5:00p 67.6 4:50a 0.0 7.4 0.00 1.1 8.0 11:00a SSW 18 74.2 80.0 4:40p 69.7 7:40a 0.0 9.2 0.00 1.3 8.0 1:50p NE 19 76.0 83.4 4:40p 71.5 8:00a 0.0 11.0 0.00 1.0 7.0 12:30p NE 20 75.5 81.4 5:30p 69.9 7:00a 0.0 10.5 0.00 1.2 7.0 1:40p NE 21 77.4 84.4 1:10p 70.6 7:30a 0.0 12.4 0.00 1.1 7.0 1:40p ESE 22 74.7 78.3 5:00p 70.1 12:00m 0.0 9.7 0.00 1.8 12.0 12:40p NE 23 74.7 81.1 7:00p 67.9 5:30a 0.0 9.7 0.00 1.3 13.0 2:30p NE 24 78.2 86.7 4:20p 73.0 7:40a 0.0 13.2 0.01 2.0 24.0 7:40p W 25 78.7 83.8 5:00p 73.2 4:00a 0.0 13.7 0.00 1.9 13.0 11:30a SW 26 76.6 80.5 4:10p 72.3 11:50p 0.0 11.6 0.00 2.1 14.0 5:50p NE 27 73.5 77.0 5:20p 70.3 3:50a 0.0 8.5 0.10 1.8 11.0 5:00p NE 28 76.5 86.1 5:30p 71.5 7:50a 0.0 11.5 1.48 2.0 32.0 6:40p NE 29 77.9 85.6 4:40p 73.2 6:20a 0.0 12.9 0.08 2.9 33.0 4:50p NE 30 75.7 81.3 4:50p 71.0 7:10a 0.0 10.7 0.00 3.0 16.0 12:50p NW 31 69.4 72.8 3:20p 66.0 7:40a 0.0 4.4 0.00 2.1 11.0 1:00a NE ------------------------------------------------------------------------------------- 74.1 86.7 24 62.4 2 0.8 283.6 3.63 1.9 33.0 29 NE Max >= 90.0: 0 Max <= 32.0: 0 Min <= 32.0: 0 Min <= 0.0: 0 Max Rain: 1.51 ON 08/11/21 Days of Rain: 6 (>.01 in) 3 (>.1 in) 2 (>1 in) Heat Base: 65.0 Cool Base: 65.0 Method: Integration