NOAA-Style Climate Reports

2021: Jan | Feb | Mar | Apr | May | Jun | Jul | Aug | Sep | Oct | Nov | Dec 
2020: Jan | Feb | Mar | Apr | May | Jun | Jul | Aug | Sep | Oct | Nov | Dec 
2019: Jan | Feb | Mar | Apr | May | Jun | Jul | Aug | Sep | Oct | Nov | Dec 
2018: Jan | Feb | Mar | Apr | May | Jun | Jul | Aug | Sep | Oct | Nov | Dec 
2017: Jan | Feb | Mar | Apr | May | Jun | Jul | Aug | Sep | Oct | Nov | Dec 
2016: Jan | Feb | Mar | Apr | May | Jun | Jul | Aug | Sep | Oct | Nov | Dec 
2015: Jan | Feb | Mar | Apr | May | Jun | Jul | Aug | Sep | Oct | Nov | Dec 
2014: Jan | Feb | Mar | Apr | May | Jun | Jul | Aug | Sep | Oct | Nov | Dec 
2013: Jan | Feb | Mar | Apr | May | Jun | Jul | Aug | Sep | Oct | Nov | Dec 
2012: Jan | Feb | Mar | Apr | May | Jun | Jul | Aug | Sep | Oct | Nov | Dec 
2011: Jan | Feb | Mar | Apr | May | Jun | Jul | Aug | Sep | Oct | Nov | Dec 
2010: Jan | Feb | Mar | Apr | May | Jun | Jul | Aug | Sep | Oct | Nov | Dec 
2009: Jan | Feb | Mar | Apr | May | Jun | Jul | Aug | Sep | Oct | Nov | Dec 
2008: Jan | Feb | Mar | Apr | May | Jun | Jul | Aug | Sep | Oct | Nov | Dec 
2007: Jan | Feb | Mar | Apr | May | Jun | Jul | Aug | Sep | Oct | Nov | Dec 
2006: Jan | Feb | Mar | Apr | May | Jun | Jul | Aug | Sep | Oct | Nov | Dec 
2005: Jan | Feb | Mar | Apr | May | Jun | Jul | Aug | Sep | Oct | Nov | Dec 
2004: Jan | Feb | Mar | Apr | May | Jun | Jul | Aug | Sep | Oct | Nov | Dec 
2003: Jan | Feb | Mar | Apr | May | Jun | Jul | Aug | Sep | Oct | Nov | Dec 

Report for 2021 09
MONTHLY CLIMATOLOGICAL SUMMARY for SEP. 2021 NAME: Vantage Pro Plus CITY: Sand Point STATE: MI ELEV: 598 ft LAT: 43 54' 37" N LONG: 83 23' 03" W TEMPERATURE (F), RAIN (in), WIND SPEED (mph) HEAT COOL AVG MEAN DEG DEG WIND DOM DAY TEMP HIGH TIME LOW TIME DAYS DAYS RAIN SPEED HIGH TIME DIR ------------------------------------------------------------------------------------ 1 69.9 74.1 12:50p 67.6 5:40a 0.0 4.9 0.00 3.0 15.0 2:00p NE 2 67.4 71.6 2:30p 61.6 12:00m 0.2 2.6 0.00 2.4 13.0 2:50a NE 3 65.9 71.3 5:10p 60.0 3:20a 1.2 2.1 0.00 0.9 7.0 11:40a NE 4 68.5 73.1 3:00p 64.5 7:20a 0.0 3.5 0.00 1.4 16.0 10:40p NE 5 69.8 77.1 4:20p 64.3 6:40a 0.1 4.8 0.00 3.8 16.0 6:40p NW 6 66.8 72.0 4:20p 61.7 6:40a 0.6 2.3 0.00 2.6 14.0 2:00a NW 7 66.2 77.6 1:30p 58.5 8:10a 1.2 2.4 3.62 2.4 32.0 3:30p NE 8 66.6 72.1 4:40p 61.1 12:00m 0.5 2.1 0.00 4.9 23.0 7:00p W 9 62.1 68.4 1:40p 58.6 6:20a 3.2 0.3 0.08 2.9 17.0 1:30a NW 10 65.4 71.2 5:20p 60.0 7:40a 1.4 1.8 0.00 2.0 13.0 3:40a NW 11 70.3 77.1 4:30p 64.1 7:40a 0.0 5.3 0.00 2.8 12.0 12:40p NNE 12 67.5 72.7 12:10a 63.2 12:00m 0.1 2.6 0.13 1.6 11.0 3:10a NE 13 63.3 67.1 5:10p 60.4 3:30a 1.9 0.2 0.01 1.6 13.0 6:30a E 14 70.0 78.3 1:50p 63.2 12:10a 0.4 5.3 0.00 3.2 20.0 5:30p SE 15 66.9 71.6 5:20p 62.8 5:20a 0.3 2.2 0.00 1.6 11.0 1:30a NW 16 68.0 74.4 5:00p 62.7 5:30a 0.6 3.6 0.00 1.3 6.0 1:10p SE 17 70.7 78.5 5:20p 62.9 7:20a 0.2 5.9 0.00 2.1 12.0 10:30p SSW 18 64.4 70.0 12:10a 56.7 12:00m 1.4 0.8 0.00 2.9 17.0 2:30a NE 19 64.7 73.1 2:30p 55.7 1:30a 3.1 2.8 0.00 1.2 8.0 4:10p SE 20 70.7 77.5 1:10p 65.3 6:20a 0.0 5.7 0.02 2.0 9.0 5:30p SE 21 68.2 72.3 1:30a 58.0 12:00m 0.9 4.1 0.31 3.8 21.0 11:50p NNE 22 56.5 58.3 3:10a 54.9 3:50p 8.5 0.0 1.14 7.3 32.0 7:30p NE 23 56.3 60.6 1:20p 52.7 12:00m 8.7 0.0 0.58 5.5 33.0 5:00a NE 24 58.1 66.1 5:20p 51.6 2:20a 6.9 0.0 0.01 3.9 21.0 4:00a W 25 59.6 62.8 4:00a 54.8 11:00a 5.4 0.0 0.16 4.1 20.0 9:00p SW 26 59.9 65.3 7:40p 56.8 8:10a 5.1 0.0 0.00 2.4 15.0 1:10a W 27 63.5 68.5 1:20p 60.7 11:10p 1.8 0.3 0.00 2.3 11.0 3:50p NE 28 58.2 61.7 12:10p 53.1 10:40p 6.8 0.0 0.00 2.0 13.0 2:00a NE 29 58.8 65.1 4:30p 52.7 7:50a 6.2 0.0 0.00 0.9 9.0 2:30p NE 30 59.5 66.3 5:00p 54.0 8:00a 5.6 0.1 0.00 1.0 9.0 8:30p SE ------------------------------------------------------------------------------------- 64.8 78.5 17 51.6 24 72.3 65.7 6.06 2.7 33.0 23 NE Max >= 90.0: 0 Max <= 32.0: 0 Min <= 32.0: 0 Min <= 0.0: 0 Max Rain: 3.62 ON 09/07/21 Days of Rain: 8 (>.01 in) 6 (>.1 in) 2 (>1 in) Heat Base: 65.0 Cool Base: 65.0 Method: Integration